{"id":482,"date":"2023-08-17T11:05:13","date_gmt":"2023-08-17T11:05:13","guid":{"rendered":"http:\/\/oriente.corsica\/?page_id=482"},"modified":"2023-08-22T14:04:20","modified_gmt":"2023-08-22T14:04:20","slug":"communes-membres","status":"publish","type":"page","link":"https:\/\/oriente.corsica\/index.php\/communes-membres\/","title":{"rendered":"Communes membres"},"content":{"rendered":"\t\t<div data-elementor-type=\"wp-page\" data-elementor-id=\"482\" class=\"elementor elementor-482\" data-elementor-post-type=\"page\">\n\t\t\t\t<div class=\"elementor-element elementor-element-d8d42f3 e-con-full e-flex e-con e-parent\" data-id=\"d8d42f3\" data-element_type=\"container\" data-e-type=\"container\" data-settings=\"{&quot;background_background&quot;:&quot;classic&quot;}\">\n\t\t\t\t<div class=\"elementor-element elementor-element-ab9bc24 elementor-widget elementor-widget-heading\" data-id=\"ab9bc24\" data-element_type=\"widget\" data-e-type=\"widget\" data-settings=\"{&quot;motion_fx_motion_fx_scrolling&quot;:&quot;yes&quot;,&quot;motion_fx_translateX_effect&quot;:&quot;yes&quot;,&quot;motion_fx_translateX_direction&quot;:&quot;negative&quot;,&quot;motion_fx_translateX_speed&quot;:{&quot;unit&quot;:&quot;px&quot;,&quot;size&quot;:2.5,&quot;sizes&quot;:[]},&quot;motion_fx_translateX_affectedRange&quot;:{&quot;unit&quot;:&quot;%&quot;,&quot;size&quot;:&quot;&quot;,&quot;sizes&quot;:{&quot;start&quot;:0,&quot;end&quot;:100}},&quot;motion_fx_devices&quot;:[&quot;desktop&quot;,&quot;tablet&quot;,&quot;mobile&quot;]}\" data-widget_type=\"heading.default\">\n\t\t\t\t<div class=\"elementor-widget-container\">\n\t\t\t\t\t<h1 class=\"elementor-heading-title elementor-size-default\">Communes<br>membres<\/h1>\t\t\t\t<\/div>\n\t\t\t\t<\/div>\n\t\t\t\t<\/div>\n\t\t<div class=\"elementor-element elementor-element-13c32fb e-flex e-con-boxed elementor-invisible e-con e-parent\" data-id=\"13c32fb\" data-element_type=\"container\" data-e-type=\"container\" data-settings=\"{&quot;animation&quot;:&quot;slideInUp&quot;}\">\n\t\t\t\t\t<div class=\"e-con-inner\">\n\t\t\t\t<div class=\"elementor-element elementor-element-7e9586f elementor-widget elementor-widget-text-editor\" data-id=\"7e9586f\" data-element_type=\"widget\" data-e-type=\"widget\" data-widget_type=\"text-editor.default\">\n\t\t\t\t<div class=\"elementor-widget-container\">\n\t\t\t\t\t\t\t\t\t\n<style>\n\t#hotspot-479 .hotspots-image-container,\n\t#hotspot-479 .leaflet-container {\n\t\tbackground: #ffffff\t}\n\n\t#hotspot-479 .hotspots-placeholder {\n\t\tbackground: #ffffff;\n\t\tborder: 0 #ffffff solid;\n\t\tcolor: #0a0909;\n\t}\n\n\t#hotspot-479 .hotspot-title {\n\t\tcolor: #0a0606;\n\t}\n\n\t\t\t#hotspot-479 .hotspot-default {\n\t\t\tstroke-width: 2;\n\t\t\tfill: #ffffff;\n\t\t\tfill-opacity: 0;\n\t\t\tstroke: #ffffff;\n\t\t\tstroke-opacity: 0;\n\t\t}\n\t\t#hotspot-479 .hotspot-default:hover,\n\t\t#hotspot-479 .hotspot-default:focus-visible,\n\t\t#hotspot-479 .hotspot-default.hotspot-active {\n\t\t\tfill: #de7900;\n\t\t\tfill-opacity: 0.71;\n\t\t\tstroke: #d36600;\n\t\t\tstroke-opacity: 1.01;\n\t\t}\n\t\t#hotspot-479 .leaflet-tooltip,\n\t#hotspot-479 .leaflet-rrose-content-wrapper {\n\t\tbackground: #ffffff;\n\t\tborder-color: #ffffff;\n\t\tcolor: #0a0909;\n\t}\n\n\t#hotspot-479 a.leaflet-rrose-close-button {\n\t\tcolor: #0a0606;\n\t}\n\n\t#hotspot-479 .leaflet-rrose-tip {\n\t\tbackground: #ffffff;\n\t}\n\n\t#hotspot-479 .leaflet-popup-scrolled {\n\t\tborder-bottom-color: #0a0909;\n\t\tborder-top-color: #0a0909;\n\t}\n\n\t#hotspot-479 .leaflet-tooltip-top:before {\n\t\tborder-top-color: #ffffff;\n\t}\n\n\t#hotspot-479 .leaflet-tooltip-bottom:before {\n\t\tborder-bottom-color: #ffffff;\n\t}\n\t#hotspot-479 .leaflet-tooltip-left:before {\n\t\tborder-left-color: #ffffff;\n\t}\n\t#hotspot-479 .leaflet-tooltip-right:before {\n\t\tborder-right-color: #ffffff;\n\t}\n<\/style>\n\n\t\n\t<div class=\"hotspots-container  layout-left event-click\" id=\"hotspot-479\" data-layout=\"left\" data-trigger=\"click\">\n\t\t<div class=\"hotspots-interaction\">\n\t\t\t\t<div class=\"hotspots-placeholder\" id=\"content-hotspot-479\">\n\t\t<div class=\"hotspot-initial\">\n\t\t\t\t\t\t\t\t\t<h2 class=\"hotspot-title\">\n\t\t\t\tToutes nos communes\t\t\t<\/h2>\n\t\t\t\t\t\t<div class=\"hotspot-content\">\n\t\t\t\t\t\t\t\t\t<p>Retrouvez toutes les informations sur nos communes sur notre carte interactive.<\/p>\n\t\t\t\t\t\t\t<\/div>\n\t\t<\/div>\n\t<\/div>\n<div class=\"hotspots-image-container\">\n\t<img\n\t\twidth=\"4167\"\n\t\theight=\"4167\"\n\t\tsrc=\"https:\/\/oriente.corsica\/wp-content\/uploads\/2023\/08\/map_oriente_black.png\"\n\t\talt=\"Toutes nos communes\"\n\t\tclass=\"hotspots-image skip-lazy\"\n\t\tusemap=\"#hotspots-image-479\"\n\t\tdata-image-title=\"Toutes nos communes\"\n\t\tdata-image-description=\"Retrouvez toutes les informations sur nos communes sur notre carte interactive.\"\n\t\tdata-event-trigger=\"click\"\n\t\tdata-always-visible=\"false\"\n\t\tdata-id=\"479\"\n\t\tdata-no-lazy=\"1\"\n\t\tdata-lazy-src=\"\"\n\t\tdata-lazy=\"false\"\n\t\tloading=\"eager\"\n\t\tdata-skip-lazy=\"1\"\n\t\t>\n<\/div>\t\t<\/div>\n\t\t<map name=\"hotspots-image-479\" class=\"hotspots-map\">\n\t\t\t\t\t\t\t\t\t\t\t<area\n\t\t\t\t\tshape=\"polygon\"\n\t\t\t\t\tcoords=\"1144,1287,1112,1317,1070,1656,946,1800,930,1936,762,1988,644,1932,608,1958,400,1662,442,1524,570,1538,616,1568,696,1510,850,1311\"\n\t\t\t\t\thref=\"#hotspot-hotspot-479-0\"\n\t\t\t\t\trel=\"\"\n\t\t\t\t\ttitle=\"Altiani\"\n\t\t\t\t\talt=\"Altiani\"\n\t\t\t\t\tdata-action=\"\"\n\t\t\t\t\tdata-color-scheme=\"\"\n\t\t\t\t\ttarget=\"\"\n\t\t\t\t\tclass=\"more-info-area\"\n\t\t\t\t\t>\n\t\t\t\t\t\t\t\t\t\t\t<area\n\t\t\t\t\tshape=\"polygon\"\n\t\t\t\t\tcoords=\"1168,1107,1350,1129,1422,1193,1472,1281,1430,1405,1464,1597,1522,1663,1494,1979,1584,1969,1596,2015,1322,2259,1194,2201,1146,2119,990,2035,980,1949,930,1937,940,1797,1074,1653,1106,1325,1150,1283\"\n\t\t\t\t\thref=\"#hotspot-hotspot-479-1\"\n\t\t\t\t\trel=\"\"\n\t\t\t\t\ttitle=\"Piedicorte-di-Gaggio\"\n\t\t\t\t\talt=\"Piedicorte-di-Gaggio\"\n\t\t\t\t\tdata-action=\"\"\n\t\t\t\t\tdata-color-scheme=\"\"\n\t\t\t\t\ttarget=\"\"\n\t\t\t\t\tclass=\"more-info-area\"\n\t\t\t\t\t>\n\t\t\t\t\t\t\t\t\t\t\t<area\n\t\t\t\t\tshape=\"polygon\"\n\t\t\t\t\tcoords=\"1426,1196,1536,1194,1660,1276,1722,1402,1848,1458,1878,1432,1852,1510,1526,1664,1468,1602,1434,1420,1472,1288\"\n\t\t\t\t\thref=\"#hotspot-hotspot-479-2\"\n\t\t\t\t\trel=\"\"\n\t\t\t\t\ttitle=\"Pietraserena\"\n\t\t\t\t\talt=\"Pietraserena\"\n\t\t\t\t\tdata-action=\"\"\n\t\t\t\t\tdata-color-scheme=\"\"\n\t\t\t\t\ttarget=\"\"\n\t\t\t\t\tclass=\"more-info-area\"\n\t\t\t\t\t>\n\t\t\t\t\t\t\t\t\t\t\t<area\n\t\t\t\t\tshape=\"polygon\"\n\t\t\t\t\tcoords=\"1496,1105,1536,1193,1652,1273,1730,1223,1726,1123,1628,1043\"\n\t\t\t\t\thref=\"#hotspot-hotspot-479-3\"\n\t\t\t\t\trel=\"\"\n\t\t\t\t\ttitle=\"Ampriani\"\n\t\t\t\t\talt=\"Ampriani\"\n\t\t\t\t\tdata-action=\"\"\n\t\t\t\t\tdata-color-scheme=\"\"\n\t\t\t\t\ttarget=\"\"\n\t\t\t\t\tclass=\"more-info-area\"\n\t\t\t\t\t>\n\t\t\t\t\t\t\t\t\t\t\t<area\n\t\t\t\t\tshape=\"polygon\"\n\t\t\t\t\tcoords=\"1540,1197,1496,1105,1624,1029,1638,889,1590,903,1394,785,1292,997,1350,1129,1432,1197\"\n\t\t\t\t\thref=\"#hotspot-hotspot-479-4\"\n\t\t\t\t\trel=\"\"\n\t\t\t\t\ttitle=\"Zuani\"\n\t\t\t\t\talt=\"Zuani\"\n\t\t\t\t\tdata-action=\"\"\n\t\t\t\t\tdata-color-scheme=\"\"\n\t\t\t\t\ttarget=\"\"\n\t\t\t\t\tclass=\"more-info-area\"\n\t\t\t\t\t>\n\t\t\t\t\t\t\t\t\t\t\t<area\n\t\t\t\t\tshape=\"polygon\"\n\t\t\t\t\tcoords=\"1956,966,2046,972,2122,1022,2180,1148,2194,1210,1920,1444,1882,1434,1840,1452,1720,1394,1660,1276,1730,1226,1730,1130,1628,1034,1634,886,1842,878\"\n\t\t\t\t\thref=\"#hotspot-hotspot-479-5\"\n\t\t\t\t\trel=\"\"\n\t\t\t\t\ttitle=\"Zalana\"\n\t\t\t\t\talt=\"Zalana\"\n\t\t\t\t\tdata-action=\"\"\n\t\t\t\t\tdata-color-scheme=\"\"\n\t\t\t\t\ttarget=\"\"\n\t\t\t\t\tclass=\"more-info-area\"\n\t\t\t\t\t>\n\t\t\t\t\t\t\t\t\t\t\t<area\n\t\t\t\t\tshape=\"polygon\"\n\t\t\t\t\tcoords=\"1584,906,1634,890,1840,874,1786,806,1854,500,1858,406,1586,98,1526,74,1490,90,1382,722,1396,784\"\n\t\t\t\t\thref=\"#hotspot-hotspot-479-6\"\n\t\t\t\t\trel=\"\"\n\t\t\t\t\ttitle=\"Pianello\"\n\t\t\t\t\talt=\"Pianello\"\n\t\t\t\t\tdata-action=\"\"\n\t\t\t\t\tdata-color-scheme=\"\"\n\t\t\t\t\ttarget=\"\"\n\t\t\t\t\tclass=\"more-info-area\"\n\t\t\t\t\t>\n\t\t\t\t\t\t\t\t\t\t\t<area\n\t\t\t\t\tshape=\"polygon\"\n\t\t\t\t\tcoords=\"1858,500,2034,528,2092,662,2052,974,1960,964,1850,876,1784,814\"\n\t\t\t\t\thref=\"#hotspot-hotspot-479-7\"\n\t\t\t\t\trel=\"\"\n\t\t\t\t\ttitle=\"Matra\"\n\t\t\t\t\talt=\"Matra\"\n\t\t\t\t\tdata-action=\"\"\n\t\t\t\t\tdata-color-scheme=\"\"\n\t\t\t\t\ttarget=\"\"\n\t\t\t\t\tclass=\"more-info-area\"\n\t\t\t\t\t>\n\t\t\t\t\t\t\t\t\t\t\t<area\n\t\t\t\t\tshape=\"polygon\"\n\t\t\t\t\tcoords=\"2034,533,2208,543,2298,653,2376,683,2414,747,2200,901,2122,1023,2048,979,2084,657\"\n\t\t\t\t\thref=\"#hotspot-hotspot-479-8\"\n\t\t\t\t\trel=\"\"\n\t\t\t\t\ttitle=\"Mo\u00efta\"\n\t\t\t\t\talt=\"Mo\u00efta\"\n\t\t\t\t\tdata-action=\"\"\n\t\t\t\t\tdata-color-scheme=\"\"\n\t\t\t\t\ttarget=\"\"\n\t\t\t\t\tclass=\"more-info-area\"\n\t\t\t\t\t>\n\t\t\t\t\t\t\t\t\t\t\t<area\n\t\t\t\t\tshape=\"polygon\"\n\t\t\t\t\tcoords=\"2412,759,2200,903,2124,1017,2180,1137,2240,1071,2474,989,2548,927\"\n\t\t\t\t\thref=\"#hotspot-hotspot-479-9\"\n\t\t\t\t\trel=\"\"\n\t\t\t\t\ttitle=\"Campi\"\n\t\t\t\t\talt=\"Campi\"\n\t\t\t\t\tdata-action=\"\"\n\t\t\t\t\tdata-color-scheme=\"\"\n\t\t\t\t\ttarget=\"\"\n\t\t\t\t\tclass=\"more-info-area\"\n\t\t\t\t\t>\n\t\t\t\t\t\t\t\t\t\t\t<area\n\t\t\t\t\tshape=\"polygon\"\n\t\t\t\t\tcoords=\"2446,803,2540,918,2578,796,2684,716,2788,492,2664,386,2572,356,2488,464,2352,479,2304,644,2372,679\"\n\t\t\t\t\thref=\"#hotspot-hotspot-479-10\"\n\t\t\t\t\trel=\"\"\n\t\t\t\t\ttitle=\"Pietra-di-Verde\"\n\t\t\t\t\talt=\"Pietra-di-Verde\"\n\t\t\t\t\tdata-action=\"\"\n\t\t\t\t\tdata-color-scheme=\"\"\n\t\t\t\t\ttarget=\"\"\n\t\t\t\t\tclass=\"more-info-area\"\n\t\t\t\t\t>\n\t\t\t\t\t\t\t\t\t\t\t<area\n\t\t\t\t\tshape=\"polygon\"\n\t\t\t\t\tcoords=\"2690,712,2790,488,3122,496,3104,544,3238,636,3296,756,3296,902,2976,750\"\n\t\t\t\t\thref=\"#hotspot-hotspot-479-11\"\n\t\t\t\t\trel=\"\"\n\t\t\t\t\ttitle=\"Chiatra\"\n\t\t\t\t\talt=\"Chiatra\"\n\t\t\t\t\tdata-action=\"\"\n\t\t\t\t\tdata-color-scheme=\"\"\n\t\t\t\t\ttarget=\"\"\n\t\t\t\t\tclass=\"more-info-area\"\n\t\t\t\t\t>\n\t\t\t\t\t\t\t\t\t\t\t<area\n\t\t\t\t\tshape=\"polygon\"\n\t\t\t\t\tcoords=\"2546,923,2584,796,2688,712,2984,753,3294,904,3422,976,3592,1186,3688,1210,3718,1178,3700,1330,3554,1334,3406,1280,3122,1016,2888,906\"\n\t\t\t\t\thref=\"#hotspot-hotspot-479-12\"\n\t\t\t\t\trel=\"\"\n\t\t\t\t\ttitle=\"Canale-di-Verde\"\n\t\t\t\t\talt=\"Canale-di-Verde\"\n\t\t\t\t\tdata-action=\"\"\n\t\t\t\t\tdata-color-scheme=\"\"\n\t\t\t\t\ttarget=\"\"\n\t\t\t\t\tclass=\"more-info-area\"\n\t\t\t\t\t>\n\t\t\t\t\t\t\t\t\t\t\t<area\n\t\t\t\t\tshape=\"polygon\"\n\t\t\t\t\tcoords=\"2546,926,2882,906,3108,1008,3406,1278,3546,1334,3700,1334,3696,1624,3756,1986,3714,2542,3662,2544,3584,2418,3394,2402,3304,2356,3128,2170,2928,2046,2828,1770,2850,1616,2884,1584,2884,1494,2810,1352,2674,1236\"\n\t\t\t\t\thref=\"#hotspot-hotspot-479-13\"\n\t\t\t\t\trel=\"\"\n\t\t\t\t\ttitle=\"Linguizzetta\"\n\t\t\t\t\talt=\"Linguizzetta\"\n\t\t\t\t\tdata-action=\"\"\n\t\t\t\t\tdata-color-scheme=\"\"\n\t\t\t\t\ttarget=\"\"\n\t\t\t\t\tclass=\"more-info-area\"\n\t\t\t\t\t>\n\t\t\t\t\t\t\t\t\t\t\t<area\n\t\t\t\t\tshape=\"polygon\"\n\t\t\t\t\tcoords=\"2538,927,2668,1237,2808,1349,2880,1489,2882,1577,2848,1613,2718,1545,2582,1589,2196,1221,2184,1143,2240,1069,2466,995\"\n\t\t\t\t\thref=\"#hotspot-hotspot-479-14\"\n\t\t\t\t\trel=\"\"\n\t\t\t\t\ttitle=\"Tox\"\n\t\t\t\t\talt=\"Tox\"\n\t\t\t\t\tdata-action=\"\"\n\t\t\t\t\tdata-color-scheme=\"\"\n\t\t\t\t\ttarget=\"\"\n\t\t\t\t\tclass=\"more-info-area\"\n\t\t\t\t\t>\n\t\t\t\t\t\t\t\t\t\t\t<area\n\t\t\t\t\tshape=\"polygon\"\n\t\t\t\t\tcoords=\"2192,1225,1918,1447,1940,1599,2278,1893,2302,2039,2392,2169,2490,2443,2656,2637,2816,2751,3062,2759,3344,2835,3460,2911,3516,2903,3640,2693,3728,2739,3706,2541,3662,2543,3586,2411,3396,2397,3308,2353,3146,2183,2934,2045,2824,1757,2844,1617,2724,1549,2590,1591\"\n\t\t\t\t\thref=\"#hotspot-hotspot-479-15\"\n\t\t\t\t\trel=\"\"\n\t\t\t\t\ttitle=\"Tallone\"\n\t\t\t\t\talt=\"Tallone\"\n\t\t\t\t\tdata-action=\"\"\n\t\t\t\t\tdata-color-scheme=\"\"\n\t\t\t\t\ttarget=\"\"\n\t\t\t\t\tclass=\"more-info-area\"\n\t\t\t\t\t>\n\t\t\t\t\t\t\t\t\t\t\t<area\n\t\t\t\t\tshape=\"polygon\"\n\t\t\t\t\tcoords=\"3646,2698,3730,2740,3656,3290,3102,4091,3080,3995,2998,3951,2856,3703,2670,3673,2570,3573,2624,3288,2532,3250,2486,3166,2482,3020,2492,2968,2670,2910,2680,2814,2632,2729,2658,2643,2814,2745,3052,2762,3340,2832,3466,2906,3524,2904\"\n\t\t\t\t\thref=\"#hotspot-hotspot-479-16\"\n\t\t\t\t\trel=\"\"\n\t\t\t\t\ttitle=\"Al\u00e9ria\"\n\t\t\t\t\talt=\"Al\u00e9ria\"\n\t\t\t\t\tdata-action=\"\"\n\t\t\t\t\tdata-color-scheme=\"\"\n\t\t\t\t\ttarget=\"\"\n\t\t\t\t\tclass=\"more-info-area\"\n\t\t\t\t\t>\n\t\t\t\t\t\t\t\t\t\t\t<area\n\t\t\t\t\tshape=\"polygon\"\n\t\t\t\t\tcoords=\"2482,3024,2488,3162,2528,3250,2626,3288,2570,3570,2672,3682,2414,3904,1966,3606,1904,3308,1864,3288,1736,3354,1620,3116,1624,3018,1894,3032,2002,2968,2284,3066\"\n\t\t\t\t\thref=\"#hotspot-hotspot-479-17\"\n\t\t\t\t\trel=\"\"\n\t\t\t\t\ttitle=\"Aghione\"\n\t\t\t\t\talt=\"Aghione\"\n\t\t\t\t\tdata-action=\"\"\n\t\t\t\t\tdata-color-scheme=\"\"\n\t\t\t\t\ttarget=\"\"\n\t\t\t\t\tclass=\"more-info-area\"\n\t\t\t\t\t>\n\t\t\t\t\t\t\t\t\t\t\t<area\n\t\t\t\t\tshape=\"polygon\"\n\t\t\t\t\tcoords=\"1624,3016,1892,3028,2008,2958,1934,2834,1924,2700,1792,2632,1668,2704,1482,2708,1476,2846\"\n\t\t\t\t\thref=\"#hotspot-hotspot-479-18\"\n\t\t\t\t\trel=\"\"\n\t\t\t\t\ttitle=\"Casevecchie\"\n\t\t\t\t\talt=\"Casevecchie\"\n\t\t\t\t\tdata-action=\"\"\n\t\t\t\t\tdata-color-scheme=\"\"\n\t\t\t\t\ttarget=\"\"\n\t\t\t\t\tclass=\"more-info-area\"\n\t\t\t\t\t>\n\t\t\t\t\t\t\t\t\t\t\t<area\n\t\t\t\t\tshape=\"polygon\"\n\t\t\t\t\tcoords=\"1196,2201,1326,2265,1600,2011,1758,2133,1888,2187,1942,2263,2066,2205,2156,2245,2520,2717,2618,2733,2674,2813,2666,2913,2488,2969,2484,3020,2288,3064,2006,2959,1932,2843,1930,2693,1798,2631,1674,2695,1482,2713,1210,2595\"\n\t\t\t\t\thref=\"#hotspot-hotspot-479-19\"\n\t\t\t\t\trel=\"\"\n\t\t\t\t\ttitle=\"Antisanti\"\n\t\t\t\t\talt=\"Antisanti\"\n\t\t\t\t\tdata-action=\"\"\n\t\t\t\t\tdata-color-scheme=\"\"\n\t\t\t\t\ttarget=\"\"\n\t\t\t\t\tclass=\"more-info-area\"\n\t\t\t\t\t>\n\t\t\t\t\t\t\t\t\t\t\t<area\n\t\t\t\t\tshape=\"polygon\"\n\t\t\t\t\tcoords=\"2526,2719,2630,2731,2624,2705,2220,2231,2106,1991,1800,1817,1700,1587,1524,1673,1496,1973,1588,1961,1604,2005,1744,2139,1884,2179,1940,2269,2068,2205,2154,2243\"\n\t\t\t\t\thref=\"#hotspot-hotspot-479-20\"\n\t\t\t\t\trel=\"\"\n\t\t\t\t\ttitle=\"Giuncaggio\"\n\t\t\t\t\talt=\"Giuncaggio\"\n\t\t\t\t\tdata-action=\"\"\n\t\t\t\t\tdata-color-scheme=\"\"\n\t\t\t\t\ttarget=\"\"\n\t\t\t\t\tclass=\"more-info-area\"\n\t\t\t\t\t>\n\t\t\t\t\t\t\t\t\t\t\t<area\n\t\t\t\t\tshape=\"polygon\"\n\t\t\t\t\tcoords=\"1696,1582,1844,1516,1882,1438,1912,1452,1930,1592,2272,1893,2300,2039,2390,2153,2486,2451,2656,2635,2638,2715,2216,2233,2106,1995,1802,1817\"\n\t\t\t\t\thref=\"#hotspot-hotspot-479-21\"\n\t\t\t\t\trel=\"\"\n\t\t\t\t\ttitle=\"Pancheraccia\"\n\t\t\t\t\talt=\"Pancheraccia\"\n\t\t\t\t\tdata-action=\"\"\n\t\t\t\t\tdata-color-scheme=\"\"\n\t\t\t\t\ttarget=\"\"\n\t\t\t\t\tclass=\"more-info-area\"\n\t\t\t\t\t>\n\t\t\t\t\t<\/map>\n\n\t\t\n\t\t\t\t\t\n\t\t\t\t\t\t<div class=\"hotspot-info \" id=\"hotspot-hotspot-479-0\">\n\t\t\t\t\n\t\t\t\t<h2 class=\"hotspot-title\">Altiani<\/h2>\t\t\t\t\t\t\t\t<div class=\"hotspot-content\">\n\t\t\t\t\t<p data-sourcepos=\"3:1-3:249\">Altiani est un village pittoresque, avec ses ruelles \u00e9troites et ses maisons en pierre. Le pont g\u00e9nois est l&rsquo;un des monuments les plus embl\u00e9matiques du village. Il a \u00e9t\u00e9 construit au XIVe si\u00e8cle et est aujourd&rsquo;hui un site class\u00e9 monument historique.<\/p>\n<p data-sourcepos=\"5:1-5:330\">Le village d&rsquo;Altiani est \u00e9galement un point de d\u00e9part id\u00e9al pour explorer la r\u00e9gion. La Castagniccia, la r\u00e9gion dans laquelle se trouve le village, est une r\u00e9gion montagneuse riche en histoire et en beaut\u00e9 naturelle. Le village est situ\u00e9 \u00e0 proximit\u00e9 de nombreux sentiers de randonn\u00e9e, qui permettent de d\u00e9couvrir la r\u00e9gion \u00e0 pied.<\/p>\n<p data-sourcepos=\"7:1-7:220\">Altiani est une destination touristique populaire, mais il reste un village authentique, avec une population chaleureuse et accueillante. C&rsquo;est un endroit id\u00e9al pour se reposer et se d\u00e9tendre, ou pour explorer la r\u00e9gion.<\/p>\n\t\t\t\t<\/div>\n\t\t\t<\/div>\n\t\t\t\t\t\n\t\t\t\t\t\t<div class=\"hotspot-info \" id=\"hotspot-hotspot-479-1\">\n\t\t\t\t\n\t\t\t\t<h2 class=\"hotspot-title\">Piedicorte-di-Gaggio<\/h2>\t\t\t\t\t\t\t\t<div class=\"hotspot-content\">\n\t\t\t\t\t<p data-sourcepos=\"3:1-3:149\">Le village est situ\u00e9 au pied du Monte Gaggio, une montagne de 1 192 m\u00e8tres d&rsquo;altitude. Le village est entour\u00e9 de for\u00eats de ch\u00e2taigniers et de ch\u00eanes.<\/p>\n<p data-sourcepos=\"5:1-5:169\">L&rsquo;\u00e9glise romane du village, l&rsquo;\u00e9glise Saint-Pierre, est un monument historique. L&rsquo;\u00e9glise a \u00e9t\u00e9 construite au XIIe si\u00e8cle et est un exemple de l&rsquo;architecture romane corse.<\/p>\n<p data-sourcepos=\"7:1-7:209\">Le village est \u00e9galement un point de d\u00e9part id\u00e9al pour de nombreuses randonn\u00e9es. Le village est situ\u00e9 au c\u0153ur du parc naturel r\u00e9gional de la Corse, qui compte de nombreux sentiers de randonn\u00e9e de tous niveaux.<\/p>\n<p data-sourcepos=\"9:1-9:166\">Piedicorte-di-Gaggio est un village charmant et accueillant, qui offre une vari\u00e9t\u00e9 d&rsquo;activit\u00e9s et d&rsquo;attractions.<\/p>\n\t\t\t\t<\/div>\n\t\t\t<\/div>\n\t\t\t\t\t\n\t\t\t\t\t\t<div class=\"hotspot-info \" id=\"hotspot-hotspot-479-2\">\n\t\t\t\t\n\t\t\t\t<h2 class=\"hotspot-title\">Pietraserena<\/h2>\t\t\t\t\t\t\t\t<div class=\"hotspot-content\">\n\t\t\t\t\t<p data-sourcepos=\"3:1-3:340\">Pietraserena est situ\u00e9 \u00e0 une altitude de 700 m\u00e8tres et offre une vue imprenable sur les montagnes et les vall\u00e9es environnantes.<\/p>\n<p data-sourcepos=\"5:1-5:217\">Le village abrite un certain nombre de b\u00e2timents historiques et religieux, dont l&rsquo;\u00e9glise Saint-Michel du XVIe si\u00e8cle. Pietraserena est \u00e9galement un point de d\u00e9part populaire pour les excursions de randonn\u00e9e et de VTT.<\/p>\n<p data-sourcepos=\"5:1-5:217\">Pietraserena est un village charmant et authentique qui offre un aper\u00e7u de la vie traditionnelle corse. C&rsquo;est un endroit id\u00e9al pour se d\u00e9tendre et se ressourcer, ou pour explorer la beaut\u00e9 naturelle de la r\u00e9gion.<\/p>\n\t\t\t\t<\/div>\n\t\t\t<\/div>\n\t\t\t\t\t\n\t\t\t\t\t\t<div class=\"hotspot-info \" id=\"hotspot-hotspot-479-3\">\n\t\t\t\t\n\t\t\t\t<h2 class=\"hotspot-title\">Ampriani<\/h2>\t\t\t\t\t\t\t\t<div class=\"hotspot-content\">\n\t\t\t\t\t\t\t\t\t<\/div>\n\t\t\t<\/div>\n\t\t\t\t\t\n\t\t\t\t\t\t<div class=\"hotspot-info \" id=\"hotspot-hotspot-479-4\">\n\t\t\t\t\n\t\t\t\t<h2 class=\"hotspot-title\">Zuani<\/h2>\t\t\t\t\t\t\t\t<div class=\"hotspot-content\">\n\t\t\t\t\t\t\t\t\t<\/div>\n\t\t\t<\/div>\n\t\t\t\t\t\n\t\t\t\t\t\t<div class=\"hotspot-info \" id=\"hotspot-hotspot-479-5\">\n\t\t\t\t\n\t\t\t\t<h2 class=\"hotspot-title\">Zalana<\/h2>\t\t\t\t\t\t\t\t<div class=\"hotspot-content\">\n\t\t\t\t\t\t\t\t\t<\/div>\n\t\t\t<\/div>\n\t\t\t\t\t\n\t\t\t\t\t\t<div class=\"hotspot-info \" id=\"hotspot-hotspot-479-6\">\n\t\t\t\t\n\t\t\t\t<h2 class=\"hotspot-title\">Pianello<\/h2>\t\t\t\t\t\t\t\t<div class=\"hotspot-content\">\n\t\t\t\t\t\t\t\t\t<\/div>\n\t\t\t<\/div>\n\t\t\t\t\t\n\t\t\t\t\t\t<div class=\"hotspot-info \" id=\"hotspot-hotspot-479-7\">\n\t\t\t\t\n\t\t\t\t<h2 class=\"hotspot-title\">Matra<\/h2>\t\t\t\t\t\t\t\t<div class=\"hotspot-content\">\n\t\t\t\t\t\t\t\t\t<\/div>\n\t\t\t<\/div>\n\t\t\t\t\t\n\t\t\t\t\t\t<div class=\"hotspot-info \" id=\"hotspot-hotspot-479-8\">\n\t\t\t\t\n\t\t\t\t<h2 class=\"hotspot-title\">Mo\u00efta<\/h2>\t\t\t\t\t\t\t\t<div class=\"hotspot-content\">\n\t\t\t\t\t\t\t\t\t<\/div>\n\t\t\t<\/div>\n\t\t\t\t\t\n\t\t\t\t\t\t<div class=\"hotspot-info \" id=\"hotspot-hotspot-479-9\">\n\t\t\t\t\n\t\t\t\t<h2 class=\"hotspot-title\">Campi<\/h2>\t\t\t\t\t\t\t\t<div class=\"hotspot-content\">\n\t\t\t\t\t\t\t\t\t<\/div>\n\t\t\t<\/div>\n\t\t\t\t\t\n\t\t\t\t\t\t<div class=\"hotspot-info \" id=\"hotspot-hotspot-479-10\">\n\t\t\t\t\n\t\t\t\t<h2 class=\"hotspot-title\">Pietra-di-Verde<\/h2>\t\t\t\t\t\t\t\t<div class=\"hotspot-content\">\n\t\t\t\t\t\t\t\t\t<\/div>\n\t\t\t<\/div>\n\t\t\t\t\t\n\t\t\t\t\t\t<div class=\"hotspot-info \" id=\"hotspot-hotspot-479-11\">\n\t\t\t\t\n\t\t\t\t<h2 class=\"hotspot-title\">Chiatra<\/h2>\t\t\t\t\t\t\t\t<div class=\"hotspot-content\">\n\t\t\t\t\t\t\t\t\t<\/div>\n\t\t\t<\/div>\n\t\t\t\t\t\n\t\t\t\t\t\t<div class=\"hotspot-info \" id=\"hotspot-hotspot-479-12\">\n\t\t\t\t\n\t\t\t\t<h2 class=\"hotspot-title\">Canale-di-Verde<\/h2>\t\t\t\t\t\t\t\t<div class=\"hotspot-content\">\n\t\t\t\t\t\t\t\t\t<\/div>\n\t\t\t<\/div>\n\t\t\t\t\t\n\t\t\t\t\t\t<div class=\"hotspot-info \" id=\"hotspot-hotspot-479-13\">\n\t\t\t\t\n\t\t\t\t<h2 class=\"hotspot-title\">Linguizzetta<\/h2>\t\t\t\t\t\t\t\t<div class=\"hotspot-content\">\n\t\t\t\t\t\t\t\t\t<\/div>\n\t\t\t<\/div>\n\t\t\t\t\t\n\t\t\t\t\t\t<div class=\"hotspot-info \" id=\"hotspot-hotspot-479-14\">\n\t\t\t\t\n\t\t\t\t<h2 class=\"hotspot-title\">Tox<\/h2>\t\t\t\t\t\t\t\t<div class=\"hotspot-content\">\n\t\t\t\t\t\t\t\t\t<\/div>\n\t\t\t<\/div>\n\t\t\t\t\t\n\t\t\t\t\t\t<div class=\"hotspot-info \" id=\"hotspot-hotspot-479-15\">\n\t\t\t\t\n\t\t\t\t<h2 class=\"hotspot-title\">Tallone<\/h2>\t\t\t\t\t\t\t\t<div class=\"hotspot-content\">\n\t\t\t\t\t\t\t\t\t<\/div>\n\t\t\t<\/div>\n\t\t\t\t\t\n\t\t\t\t\t\t<div class=\"hotspot-info \" id=\"hotspot-hotspot-479-16\">\n\t\t\t\t\n\t\t\t\t<h2 class=\"hotspot-title\">Al\u00e9ria<\/h2>\t\t\t\t\t\t\t\t<div class=\"hotspot-content\">\n\t\t\t\t\t\t\t\t\t<\/div>\n\t\t\t<\/div>\n\t\t\t\t\t\n\t\t\t\t\t\t<div class=\"hotspot-info \" id=\"hotspot-hotspot-479-17\">\n\t\t\t\t\n\t\t\t\t<h2 class=\"hotspot-title\">Aghione<\/h2>\t\t\t\t\t\t\t\t<div class=\"hotspot-content\">\n\t\t\t\t\t\t\t\t\t<\/div>\n\t\t\t<\/div>\n\t\t\t\t\t\n\t\t\t\t\t\t<div class=\"hotspot-info \" id=\"hotspot-hotspot-479-18\">\n\t\t\t\t\n\t\t\t\t<h2 class=\"hotspot-title\">Casevecchie<\/h2>\t\t\t\t\t\t\t\t<div class=\"hotspot-content\">\n\t\t\t\t\t\t\t\t\t<\/div>\n\t\t\t<\/div>\n\t\t\t\t\t\n\t\t\t\t\t\t<div class=\"hotspot-info \" id=\"hotspot-hotspot-479-19\">\n\t\t\t\t\n\t\t\t\t<h2 class=\"hotspot-title\">Antisanti<\/h2>\t\t\t\t\t\t\t\t<div class=\"hotspot-content\">\n\t\t\t\t\t\t\t\t\t<\/div>\n\t\t\t<\/div>\n\t\t\t\t\t\n\t\t\t\t\t\t<div class=\"hotspot-info \" id=\"hotspot-hotspot-479-20\">\n\t\t\t\t\n\t\t\t\t<h2 class=\"hotspot-title\">Giuncaggio<\/h2>\t\t\t\t\t\t\t\t<div class=\"hotspot-content\">\n\t\t\t\t\t\t\t\t\t<\/div>\n\t\t\t<\/div>\n\t\t\t\t\t\n\t\t\t\t\t\t<div class=\"hotspot-info \" id=\"hotspot-hotspot-479-21\">\n\t\t\t\t\n\t\t\t\t<h2 class=\"hotspot-title\">Pancheraccia<\/h2>\t\t\t\t\t\t\t\t<div class=\"hotspot-content\">\n\t\t\t\t\t\t\t\t\t<\/div>\n\t\t\t<\/div>\n\t\t\t<\/div>\n\n\t\t\t\t\t\t\t\t<\/div>\n\t\t\t\t<\/div>\n\t\t\t\t\t<\/div>\n\t\t\t\t<\/div>\n\t\t\t\t<\/div>\n\t\t","protected":false},"excerpt":{"rendered":"<p>Communesmembres<\/p>\n","protected":false},"author":1,"featured_media":0,"parent":0,"menu_order":0,"comment_status":"closed","ping_status":"closed","template":"elementor_header_footer","meta":{"footnotes":""},"class_list":["post-482","page","type-page","status-publish","hentry"],"_links":{"self":[{"href":"https:\/\/oriente.corsica\/index.php\/wp-json\/wp\/v2\/pages\/482","targetHints":{"allow":["GET"]}}],"collection":[{"href":"https:\/\/oriente.corsica\/index.php\/wp-json\/wp\/v2\/pages"}],"about":[{"href":"https:\/\/oriente.corsica\/index.php\/wp-json\/wp\/v2\/types\/page"}],"author":[{"embeddable":true,"href":"https:\/\/oriente.corsica\/index.php\/wp-json\/wp\/v2\/users\/1"}],"replies":[{"embeddable":true,"href":"https:\/\/oriente.corsica\/index.php\/wp-json\/wp\/v2\/comments?post=482"}],"version-history":[{"count":26,"href":"https:\/\/oriente.corsica\/index.php\/wp-json\/wp\/v2\/pages\/482\/revisions"}],"predecessor-version":[{"id":660,"href":"https:\/\/oriente.corsica\/index.php\/wp-json\/wp\/v2\/pages\/482\/revisions\/660"}],"wp:attachment":[{"href":"https:\/\/oriente.corsica\/index.php\/wp-json\/wp\/v2\/media?parent=482"}],"curies":[{"name":"wp","href":"https:\/\/api.w.org\/{rel}","templated":true}]}}